What is the value of ((-6 - -19 - 5) + 3 - 7) + -3?
1
Calculate 5 - (5 + -11 + 7 + 2).
2
What is the value of (-4 - (-3 + 1 + 4)) + (-35 - -54)?
13
What is the value of (-24 - -14) + (2 + -10 - (-8 - -6))?
-16
Calculate (-23 - -17 - -12) + 23.
29
2 + 17 + -24 + 6 + -2
-1
-5 - -28 - (6 - (-5 - (-4 - 1)))
17
Evaluate (10 - -2 - 11 - 7) + 1 + 5.
0
What is the value of (4 - 19) + (10 - 3 - 4)?
-12
Calculate 8 + -9 - ((-11 - -7) + -5 + 2).
6
What is -3 - (10 + (-1 - (3 - -10)))?
1
What is -4 - (-12 + (27 - 6))?
-13
Calculate 5 + -18 - (-27 + 11).
3
What is 91 - 95 - (-2 - 6)?
4
Evaluate (4 - (0 + -2)) + (-4819 - -4813).
0
What is the value of 3 + (17 - 5) + -3 + 0 + -7?
5
What is -4 + (-8 - 2 - (-7 + 0) - -7)?
0
What is the value of 1 - -1 - (61 + -56)?
-3
What is the value of -2 - 0 - (-37 + 18)?
17
-17 + 16 + 2 + (-5 - -6) + -8
-6
Calculate -3 + (-4 - (-16 - -1)).
8
What is the value of 10 + -6 - (-9 + (7 - -35) + -9)?
-20
Evaluate 36 + 0 + (-35 - -18).
19
What is (-17 - (-9 - (7 + 7))) + 2 + 2?
10
Calculate -1 + (46 - 11) + -6.
28
What is -20 + (12 + -25 - -17)?
-16
What is the value of 4 + (15 - 5) - ((-2 - -14) + -8)?
10
What is the value of (2 + 19 - 13) + (7 - 2)?
13
Calculate 149 + -162 + 9 + 0.
-4
What is the value of -11 - (-6 + -16 + 3)?
8
What is the value of (-1 - -4) + 41 - 34?
10
What is the value of (-6 - (4 + -16)) + -13?
-7
Calculate 12 - (-23 - -18 - -18).
-1
-28 - (22 - 40) - (4 - 2 - -14)
-26
What is 1 + 3 + (-8 - -12) + -10?
-2
Calculate -2 - (-21 + 2) - (11 - 4 - 3).
13
What is -2 + 1 - (3 - -10) - (-17 + 14)?
-11
What is the value of -7 - (1 + 5 - (-41 - -45) - 4)?
-5
What is (3 + 2 - -2) + (3 - 0) + -5?
5
Evaluate 39 + 2 + (0 - (-31 - -36)).
36
-3 - (6 + (-2 - 4))
-3
What is 1 + 1 - (14 - 11) - (-59 - -70)?
-12
What is 8 + (17 + -18 - 9)?
-2
(-1 - 2) + -10 + 16 + -3 + -6
-6
Evaluate (0 + 16 - (70 + -62)) + -22.
-14
(-8 - (2 - 13)) + -16
-13
9 - (-2 + 5 + (4 - 9))
11
11 + -8 + 4 + (29 - 32)
4
12 - (-4 - -15) - 3 - (4 - 0)
-6
Calculate -29 + -11 + 42 + 25 + 1 + -3.
25
Evaluate 2 - 2 - (-42 + 42) - 18.
-18
-4 + (20 - 7) + 2
11
What is -1 + 11 - (2 - (-2 - -5) - -16)?
-5
What is the value of (4 - -12) + (-41 - -25) - (-7 + 1)?
6
Calculate 13 - (18 + -9 - -4 - -19).
-19
0 + 2 + -12 + 60 + -20
30
Calculate (1 - -6) + -16 + 24 + -29.
-14
Calculate 7 - (-7 - (-4 - (-15 + -1 - -10))).
16
What is (-1 - -2) + 1 + (-7 - -3 - -9)?
7
What is the value of 21 + -17 + -3 - 13?
-12
Evaluate -18 + 5 + (6 - (4 - -8)).
-19
What is the value of (2 - 22) + (-120 - -129)?
-11
Evaluate 9 + -5 - (-1 + (0 - -11)) - -21.
15
What is 8 - 0 - (-122 + 142)?
-12
What is -10 + -2 + 17 - (-8 - 0)?
13
Calculate (5 + (-4 - (1 + -11)) - 4) + -16.
-9
Calculate 1 + 1 - (-2 + 11 + -6).
-1
0 - -11 - (64 + 40 - 67)
-26
13 - ((5 - 9) + 14 - 15)
18
What is -60 + 47 + 6 + (1 - 0 - -26)?
20
-1 - -16 - (-118 - -123)
10
What is the value of 0 + (-2 - 0) + (-5 - 2) + 1?
-8
Calculate -5 + (-11 - -10) + 2 - 5.
-9
Evaluate 3 + -5 - -4 - 0 - (25 - 17).
-6
(-11 - -20 - (3 + -1 + 1)) + 13
19
What is -12 + -12 + 5 - -14?
-5
Evaluate 3 - 16 - (0 + 0) - -2 - 5.
-16
-1 - -3 - (-32 + 16 + 28)
-10
What is the value of -11 - (-11 - (20 + -13))?
7
Evaluate (0 - -17) + -23 + 4.
-2
128 - 134 - (-4 - (2 + -2)) - -22
20
Calculate -31 + 3 + 2 - (-5 - (9 + -19)).
-31
What is the value of 4 + (18 - -2) + 3 + (15 - 22)?
20
What is the value of 2 + 6 - (679 - 665)?
-6
Evaluate 8 + (-2 - 0) + (2 - 1) + -1.
6
Calculate 3 - (-12 - -15 - (-5 - (3 - 34))).
26
What is 4 - ((-14 - -19) + (4 - -18 - -1))?
-24
What is -11 - 3 - -8 - -11?
5
What is -3 + -4 + 10 + -4 + 9?
8
What is the value of 2 + (11 - 12) + -29 + 7?
-21
Calculate (-8 - 2 - -6) + 12.
8
(6 - (1 + -7 + 21) - 9) + 6
-12
Calculate (11 - 4) + -3 + 8.
12
What is the value of -33 + (-9 - 1) + 34?
-9
What is the value of (-1 - (6 - 6 - -2)) + (-10 - -9)?
-4
What is (-278 - -289) + (-1 - -2 - 7)?
5
What is the value of (6 - 14 - (-11 - 6)) + 5?
14
Evaluate (-33 - -21) + 5 - 11.
-18
What is -9 + 1 - (-4 - (-2 + 17 - 21))?
-10
Evaluate ((3 - -3) + -5 - -2) + 4.
7
Calculate (3 - (2 - -2)) + (-30 - -36 - -1).
6
What is 8 - -3 - (8 - -5) - -10?
8
What is the value of 21 - (-34 + 99 + -35)?
-9
What is the value of -2 + 6 - (4 + (8 - (-2 - -1)))?
-9
Calculate 7 - (-7 + 3 - -20 - 18).
9
Calculate (-1 - -1 - 11) + 5244 + -5233.
0
Calculate 24 + -37 + (8 - 2).
-7
Evaluate 3 + (4 - (0 - -5) - -1) - -8.
11
Evaluate 6 - (-16 - -9 - (-4 - 7)).
2
-15 + (36 - -2) + -27 + 24
20
What is 9 - 16 - (-2 - 3)?
-2
(7 - 24) + 9 + -10 + (22 - 12)
-8
4 + -1 - 5 - (4 + 11 - 31)
14
(1 + -6 - (21 + -21)) + 3
-2
What is (55 + -27 - 27) + -4 + 1?
-2
Evaluate 2 + -23 - (-138 - -103).
14
What is 8 + -50 + 33 + 28?
19
Evaluate 10 + 0 + -11 + -5 + 11.
5
What is the value of 19 + -32 - (24 + -30)?
-7
Evaluate 5 + -15 - 4 - -6.
-8
Evaluate -7 - (10 - (-8 + 5 - (-13 + 8))).
-15
Calculate 20 - (-2 + 8 + -1 + -4) - 8.
11
(72 + -57 - (6 + -1)) + 7
17
Evaluate (22 - -3 - 6) + 1 + -11 - 8.
1
Calculate (-20 + 13 + 3 - 1) + 8.
3
What is -10 + (-23 - -49 - 20)?
-4
Calculate 40 + (-7 - (-2 + -4 + 5)) + -8.
26
What is 3 - (0 + -2) - (2 + -20 + 16)?
7
-10 + 26 - 36 - -9
-11
What is -19 + 21 + -1 + -2 + 9?
8
Evaluate -32 + (473 + -482 - (-1 + -16 - 1)).
-23
Calculate (265 - 258) + 0 + -19.
-12
7 - (6 - -1 - -4)
-4
Calculate 0 - 3 - 7 - (34 - (31 + 1)).
-12
What is the value of (-14 - -12) + (7 - (3 + 3))?
-1
5 - (3 + 13) - -17
6
Evaluate 0 + (7 + 3 + -1 - (16 + -9)).
2
Evaluate -3 - -5 - -10 - 19.
-7
What is the value of (-3 + 16 - 5) + 2?
10
-10 + (-16 - (-49 + 27))
-4
Evaluate 111 + -113 + 3 + -9.
-8
1 + -2 - (-28 + (-3 - -21) - -30)
-21
Calculate -1 + 0 - -5 - (-14 - -15 - 2).
5
What is -6 + 1 + -9 + (14 - 2) - 12?
-14
What is 3 + (-9 - 0) + (-10 - (-30 - -8))?
6
(-53 - -50) + -10 + 0 - -4
-9
Calculate (-17 - (-18 + 17)) + -6.
-22
What is the value of 15 + -7 - 25 - -24?
7
What is the value of 0 + (-1 - 0) - (1041 + -1057)?
15
What is the value of 0 - -40 - (-704 - -728)?
16
What is the value of 56 - (47 - (24 + 3)) - (-4 + 1)?
39
Calculate -2 - (33 + -12) - 4.
-27
5 + -15 + (-4 - 0)
-14
What is the value of 1 - (-8 + 0 - -34) - (-3 - 5)?
-17
-1 - 7 - (100 - 99 - (-1 - -3))
-7
4 + -8 + 16 + (2 - 18) + 19
15
Calculate 13 - (10 - 4) - 9 - -23.
21
0 + (22 + -11 - 11)
0
Calculate -4 - 0 - (-15 - -14) - -2.
-1
What is the value of 5 - (-7 + (-1 - (-1 + -16)))?
-4
Calculate 2 + 0 + -14 + 26 + -13 + 4.
5
-11 + 2 - (-53 - -23)
21
Calculate 5 + -30 + (15 - 2).
-12
What is (4 - 1) + -10 + (2 - 5 - -9)?
-1
Calculate (-9 - -8) + 3 + (-6 - -1).
-3
-3 - (-3 + 1 + -14)
13
What is the value of (-2 - -5) + (-20 - -9 - -9)?
1
Evaluate -14 + 24 + -5 + (-2 + 1 - -25).
29
What is (10 - -14) + 11 + -29?
6
Evaluate -1 - 50 - (424 + -451).
-24
What is 11 + 10 + -23 - -7?
5
2 + 14 - (-414 + 441)
-11
-4 - 8 - -24 - 25
-13
36 - (4 + 7 + 2 - 2)
25
What is the value of 13 - (-1 + -7 - -15)?
6
(23 - 1) + -89 + 76
9
What is the value of 10 + -9 + -15 - -4?
-10
What is the value of 15 + (-1 - -1 - (13 + -23))?
25
What is the value of 19 + (13 - 21) + -9?
2
Calculate -36 + 3 + 33 + -26 + 1.
-25
Evaluate (12 - 21) + 18 - 15.
-6
Calculate -2 - -1 - (244 - 256).
11
Calculate 34 + (-48 - -59) + -44.
1
Evaluate 22 - (21 - (13 + -5 - -7)).
16
(-377 - -389) + 1 + 18
31
Evaluate 4 + 2 + (30 - 40) + 14.
10
Calculate -5 + (-2 - 4) + 5 + 4.
-2
Evaluate 53 + -11 + 4 - 30.
16
What is 8 - 4 - ((-7 - -13) + 6) - 5?
-13
-2 + (1 - (6 - (2 + 9))) + -20
-16
9 + -28 + 20 - -24
25
What is the value of (-6 - (-18 + 15)) + 7?
4
What is the value of (-3 - (4 + 5)) + (10 - 4)?
-6
Calculate 1 + -9 + (26 + -25 - -13).
6
14 - ((12 - 5) + -9 + 6)
10
Evaluate 24 + (-24 - (-3 + -8)).
11
What is the value of 14 + -1 - 28 - -17?
2
Evaluate 11 + (-10 - (9 + -2)) - 12.
-18
Calculate -7 + (-498 - -501) + (-2 - (-2 - 2)).
-2
What is 1 + -8 + (-18 + 9 - -16)?
0
What is the value of 11 - 1 - (45 + (44 - 79))?
0
What is -36 - -2 - (-50 - -25)?
-9
-2 - 2 - -2 - (7 + 3 + -4)
-8
What is the value of 59 + -36 - 20 - (-1 - (-2 - -1))?
3
What is (-10 - (-9 + (12 - 6))) + -1 + -3?
-11
What is the value of -1 + 2 + -5 + (16 - (-13 + 33))?
-8
What is (9 - (2 + 0)) + (-26 - -30)?
11
Evaluate 9 + -14 + (14 - 13) + -6 + 2.
-8
What is (0 - 12) + (-4 - (-47 - -53))?
-22
9 +